Calculate the greatest common divisor of 84448 and 50576.
464
Calculate the greatest common divisor of 52902311 and 140.
7
What is the greatest common divisor of 57400 and 8755960?
1640
Calculate the greatest common factor of 720 and 14574360.
120
What is the greatest common factor of 499750 and 6410?
10
Calculate the greatest common divisor of 24285198 and 2745.
183
Calculate the highest common divisor of 54077 and 6.
1
What is the highest common divisor of 102 and 1896441?
3
What is the highest common factor of 9965520 and 12780?
180
What is the greatest common divisor of 1704106 and 545?
109
What is the greatest common factor of 332942575 and 1525?
1525
What is the greatest common factor of 966 and 4239291?
483
Calculate the greatest common divisor of 36486035 and 273905.
9445
What is the highest common factor of 8008902 and 47142?
5238
Calculate the greatest common divisor of 150741 and 1020033.
81
What is the highest common divisor of 11 and 293084154?
11
Calculate the greatest common divisor of 3578225 and 254.
127
Calculate the highest common factor of 48898 and 1524342.
2126
Calculate the greatest common divisor of 1492023 and 2615751.
1713
What is the highest common divisor of 8244330 and 3135?
15
What is the greatest common divisor of 1568472617 and 227?
227
What is the highest common divisor of 2453 and 10644905?
223
Calculate the highest common divisor of 14610550 and 6180.
1030
What is the greatest common divisor of 8088 and 48584?
8
Calculate the greatest common divisor of 114332619 and 27435.
5487
Calculate the greatest common divisor of 2075336 and 60904.
184
Calculate the highest common factor of 35868466 and 24985.
4997
Calculate the greatest common factor of 64321660 and 80.
20
What is the highest common factor of 263088 and 144477?
27
What is the greatest common divisor of 88 and 189206688?
88
Calculate the greatest common divisor of 15732730 and 182.
26
What is the highest common factor of 4508264 and 32?
8
Calculate the greatest common divisor of 22596558 and 42.
6
What is the greatest common divisor of 7802 and 18553814?
94
What is the greatest common factor of 5908 and 197918?
2954
What is the greatest common factor of 1769 and 43276816?
1769
What is the highest common divisor of 25415 and 587561?
13
Calculate the greatest common factor of 12075008 and 2624512.
11264
What is the greatest common factor of 9810 and 4264734?
654
Calculate the highest common divisor of 21252 and 4175556.
924
Calculate the greatest common factor of 201 and 372420974.
67
What is the highest common divisor of 60941312 and 256?
256
Calculate the greatest common divisor of 217 and 103757.
31
Calculate the greatest common factor of 1598 and 491947496.
1598
What is the highest common divisor of 38690 and 11210?
10
Calculate the greatest common factor of 2060 and 26997330.
1030
What is the greatest common divisor of 305 and 20148971?
61
Calculate the greatest common divisor of 270 and 995530.
10
What is the highest common factor of 2408 and 711951?
43
What is the highest common factor of 21388109 and 555?
37
Calculate the highest common divisor of 1070 and 427543431.
107
What is the greatest common factor of 169074 and 2160?
54
What is the highest common divisor of 3494982 and 8676?
1446
Calculate the greatest common factor of 36181004 and 28.
4
Calculate the greatest common divisor of 176 and 29188720.
176
What is the greatest common factor of 52 and 102869?
13
What is the highest common divisor of 7756216 and 41?
41
What is the highest common factor of 6662313 and 126?
63
Calculate the highest common factor of 7530 and 1200332200.
2510
Calculate the highest common divisor of 38967 and 200701.
419
What is the highest common divisor of 685 and 138699485?
685
Calculate the highest common factor of 236 and 1760854528.
236
Calculate the highest common factor of 10725156 and 67392.
1404
Calculate the greatest common factor of 90307 and 41516.
97
Calculate the highest common divisor of 141 and 419559.
3
Calculate the highest common divisor of 1127133 and 14427.
63
What is the highest common factor of 20885 and 455?
5
What is the highest common divisor of 504601820 and 830?
830
What is the greatest common factor of 267912 and 1800?
72
Calculate the greatest common factor of 67301 and 257920.
403
What is the highest common divisor of 17233447 and 3773?
539
What is the greatest common factor of 18 and 58834704?
6
What is the greatest common divisor of 381 and 7549769?
127
Calculate the highest common factor of 245503071 and 7788.
1947
Calculate the highest common factor of 738576 and 14272.
3568
Calculate the highest common divisor of 4780830 and 90.
30
What is the greatest common divisor of 9568 and 10536?
8
Calculate the greatest common divisor of 35526 and 885174.
186
Calculate the greatest common factor of 5593 and 109769863.
329
Calculate the highest common divisor of 22 and 40367899.
11
Calculate the highest common divisor of 34768 and 140026.
106
Calculate the highest common divisor of 4186128 and 1344.
48
What is the greatest common divisor of 789768 and 1288?
56
Calculate the greatest common factor of 125996581 and 3515.
703
Calculate the highest common divisor of 17498296 and 8.
8
Calculate the highest common factor of 1581 and 471689769.
1581
Calculate the greatest common factor of 6845350 and 153655.
395
What is the highest common divisor of 86976 and 22955322?
906
What is the highest common divisor of 16761 and 4989?
3
Calculate the greatest common divisor of 217794 and 108.
6
Calculate the highest common factor of 93 and 16416639.
93
What is the greatest common divisor of 26 and 41376101?
13
What is the greatest common factor of 16986176 and 69184?
3008
Calculate the highest common divisor of 71051 and 33823.
227
What is the highest common divisor of 13560180 and 10808?
772
What is the greatest common divisor of 456934 and 10622?
94
Calculate the highest common divisor of 9772021 and 637.
49
What is the highest common factor of 406778 and 85562?
478
Calculate the greatest common factor of 147171052 and 1554.
518
What is the greatest common factor of 128 and 643834496?
128
What is the highest common factor of 16334472 and 9933?
231
Calculate the highest common factor of 577673 and 2934889.
3877
Calculate the highest common factor of 76 and 183069902.
38
What is the greatest common factor of 1194270 and 1155000?
2310
Calculate the highest common divisor of 57687721 and 91.
91
Calculate the highest common factor of 5675 and 1506145.
1135
Calculate the greatest common factor of 12 and 49964916.
12
What is the highest common factor of 194 and 425806?
2
Calculate the greatest common divisor of 156 and 481533.
39
What is the highest common factor of 50904 and 3129?
21
What is the highest common divisor of 49206987 and 2052?
27
Calculate the greatest common divisor of 3905 and 3590115.
355
What is the highest common divisor of 49050301 and 2011?
2011
What is the greatest common factor of 901179 and 837?
27
Calculate the greatest common divisor of 3800791375 and 125.
125
Calculate the greatest common divisor of 10179 and 11735256.
1131
What is the highest common factor of 99484622 and 4?
2
What is the highest common divisor of 272232 and 2109?
57
What is the greatest common divisor of 1021273 and 64922?
2497
Calculate the greatest common divisor of 140 and 2708250.
10
Calculate the greatest common factor of 1002 and 264075597.
501
Calculate the highest common factor of 43962955 and 889.
127
Calculate the highest common divisor of 15024685 and 8840.
1105
What is the greatest common divisor of 3440 and 18602144?
688
What is the greatest common divisor of 2080 and 568620?
260
Calculate the greatest common factor of 377709204 and 12.
12
What is the highest common divisor of 6103 and 221?
17
What is the greatest common factor of 185415191 and 13?
13
Calculate the highest common factor of 49104 and 90112.
176
Calculate the greatest common factor of 1472302 and 3536.
442
Calculate the greatest common divisor of 374 and 9769883.
17
What is the highest common divisor of 19980 and 25298676?
3996
What is the highest common factor of 1350539525 and 25?
25
Calculate the highest common divisor of 90307 and 7954.
97
What is the highest common divisor of 289756 